{"id":851,"date":"2022-04-24T08:39:38","date_gmt":"2022-04-24T08:39:38","guid":{"rendered":"https:\/\/www.tanniina.fi\/?post_type=product&#038;p=851"},"modified":"2025-06-06T19:20:03","modified_gmt":"2025-06-06T17:20:03","slug":"jattikukkataulu-alstromeria-inkailija-3-d-2","status":"publish","type":"product","link":"https:\/\/www.tanniina.fi\/index.php\/tuote\/jattikukkataulu-alstromeria-inkailija-3-d-2\/","title":{"rendered":"N\u00e4ttij\u00e4tti j\u00e4ttikukkataulu Alstr\u00f6meria ( Inkailija ) 3-D"},"content":{"rendered":"<p>J\u00e4ttikukkataulut valmistetaan k\u00e4sin Suomessa. Kukan materiaali on myrkyt\u00f6n ja hajuton\u00a0 sopii ulko- sek\u00e4 sis\u00e4k\u00e4ytt\u00f6\u00f6n. Saatavana on tilauksesta eri kokoja sek\u00e4 v\u00e4rej\u00e4. J\u00e4ttikukka on pitk\u00e4aikainen sijoitus joka ei k\u00e4rsi\u00a0 kuivuudesta eik\u00e4 vaadi huolenpitoa. J\u00e4ttikukkataulun kolmiuloitteisuus on on todellinen katseenvangitsija sein\u00e4ll\u00e4si. Tanniina &#8211; design j\u00e4ttkukat ja my\u00f6s 3-D j\u00e4ttikukkataulut nyt my\u00f6s verkkokaupasta.<\/p>\n","protected":false},"excerpt":{"rendered":"<p><img decoding=\"async\" class=\"alignnone size-medium wp-image-1724\" src=\"https:\/\/www.tanniina.fi\/wp-content\/uploads\/2025\/06\/Nattijatti-logo-300x112.jpg\" alt=\"\" width=\"300\" height=\"112\" \/><\/p>\n<p>Kotiin, toimistoon , juhliin somisteeksi upeat J\u00c4TTIKUKKATAULUT nyt verkkokaupasta. Taulun koko 40 x 40 cm ,\u00a0 3-D . N\u00e4ill\u00e4 Alstr\u00f6meria tauluilla luot tunnelman joko yksitt\u00e4in tai\u00a0 kukka-asetelman kahdella taululla.<\/p>\n<p>Kukkien materiaali on myrkyt\u00f6n ja hajuton ja sopii hyvin sis\u00e4k\u00e4ytt\u00f6\u00f6n. Tanniina design kukkataulut ovat k\u00e4sity\u00f6t\u00e4 ja valmistetaan Suomessa , Espoossa.<\/p>\n","protected":false},"featured_media":843,"comment_status":"open","ping_status":"closed","template":"","meta":[],"product_brand":[49],"product_cat":[25,17],"product_tag":[],"class_list":{"0":"post-851","1":"product","2":"type-product","3":"status-publish","4":"has-post-thumbnail","6":"product_brand-nattijatti","7":"product_cat-3-d-taulut","8":"product_cat-jattikukat","10":"entry","11":"has-media","13":"first","14":"instock","15":"sold-individually","16":"taxable","17":"shipping-taxable","18":"purchasable","19":"product-type-simple","20":"has-product-nav","21":"col","22":"span_1_of_4","23":"owp-content-center","24":"owp-thumbs-layout-horizontal","25":"owp-btn-normal","26":"owp-tabs-layout-horizontal"},"yoast_head":"<!-- This site is optimized with the Yoast SEO plugin v27.3 - https:\/\/yoast.com\/product\/yoast-seo-wordpress\/ -->\n<title>N\u00e4ttij\u00e4tti j\u00e4ttikukkataulu Alstr\u00f6meria ( Inkailija ) 3-D - Ompelimo Tanniina<\/title>\n<meta name=\"description\" content=\"J\u00e4ttikukkataulut valmistetaan k\u00e4sin Suomessa. Kukan materiaali on s\u00e4\u00e4nkest\u00e4v\u00e4\u00e4 ja sopii ulko- sek\u00e4 sis\u00e4k\u00e4ytt\u00f6\u00f6n. Saatavana on tilauksesta eri kokoja sek\u00e4 v\u00e4rej\u00e4. J\u00e4ttikukka on pitk\u00e4aikainen sijoitus joka ei k\u00e4rsi\u00a0 kuivuudesta eik\u00e4 vaadi huolenpitoa. J\u00e4ttikukkataulun kolmiuloitteisuus on on todellinen katseenvangitsija sein\u00e4ll\u00e4si. Tanniina - design j\u00e4ttkukat ja my\u00f6s 3-D j\u00e4ttikukkataulut nyt my\u00f6s verkkokaupasta.\" \/>\n<meta name=\"robots\" content=\"index, follow, max-snippet:-1, max-image-preview:large, max-video-preview:-1\" \/>\n<link rel=\"canonical\" href=\"https:\/\/www.tanniina.fi\/index.php\/tuote\/jattikukkataulu-alstromeria-inkailija-3-d-2\/\" \/>\n<meta property=\"og:locale\" content=\"fi_FI\" \/>\n<meta property=\"og:type\" content=\"article\" \/>\n<meta property=\"og:title\" content=\"N\u00e4ttij\u00e4tti j\u00e4ttikukkataulu Alstr\u00f6meria ( Inkailija ) 3-D - Ompelimo Tanniina\" \/>\n<meta property=\"og:description\" content=\"J\u00e4ttikukkataulut valmistetaan k\u00e4sin Suomessa. Kukan materiaali on s\u00e4\u00e4nkest\u00e4v\u00e4\u00e4 ja sopii ulko- sek\u00e4 sis\u00e4k\u00e4ytt\u00f6\u00f6n. Saatavana on tilauksesta eri kokoja sek\u00e4 v\u00e4rej\u00e4. J\u00e4ttikukka on pitk\u00e4aikainen sijoitus joka ei k\u00e4rsi\u00a0 kuivuudesta eik\u00e4 vaadi huolenpitoa. J\u00e4ttikukkataulun kolmiuloitteisuus on on todellinen katseenvangitsija sein\u00e4ll\u00e4si. Tanniina - design j\u00e4ttkukat ja my\u00f6s 3-D j\u00e4ttikukkataulut nyt my\u00f6s verkkokaupasta.\" \/>\n<meta property=\"og:url\" content=\"https:\/\/www.tanniina.fi\/index.php\/tuote\/jattikukkataulu-alstromeria-inkailija-3-d-2\/\" \/>\n<meta property=\"og:site_name\" content=\"Ompelimo Tanniina\" \/>\n<meta property=\"article:modified_time\" content=\"2025-06-06T17:20:03+00:00\" \/>\n<meta property=\"og:image\" content=\"https:\/\/www.tanniina.fi\/wp-content\/uploads\/2022\/04\/Alstrameria-2-scaled.jpg\" \/>\n\t<meta property=\"og:image:width\" content=\"2048\" \/>\n\t<meta property=\"og:image:height\" content=\"2560\" \/>\n\t<meta property=\"og:image:type\" content=\"image\/jpeg\" \/>\n<meta name=\"twitter:card\" content=\"summary_large_image\" \/>\n<meta name=\"twitter:label1\" content=\"Arvioitu lukuaika\" \/>\n\t<meta name=\"twitter:data1\" content=\"1 minuutti\" \/>\n<script type=\"application\/ld+json\" class=\"yoast-schema-graph\">{\"@context\":\"https:\\\/\\\/schema.org\",\"@graph\":[{\"@type\":\"WebPage\",\"@id\":\"https:\\\/\\\/www.tanniina.fi\\\/index.php\\\/tuote\\\/jattikukkataulu-alstromeria-inkailija-3-d-2\\\/\",\"url\":\"https:\\\/\\\/www.tanniina.fi\\\/index.php\\\/tuote\\\/jattikukkataulu-alstromeria-inkailija-3-d-2\\\/\",\"name\":\"N\u00e4ttij\u00e4tti j\u00e4ttikukkataulu Alstr\u00f6meria ( Inkailija ) 3-D - Ompelimo Tanniina\",\"isPartOf\":{\"@id\":\"https:\\\/\\\/www.tanniina.fi\\\/#website\"},\"primaryImageOfPage\":{\"@id\":\"https:\\\/\\\/www.tanniina.fi\\\/index.php\\\/tuote\\\/jattikukkataulu-alstromeria-inkailija-3-d-2\\\/#primaryimage\"},\"image\":{\"@id\":\"https:\\\/\\\/www.tanniina.fi\\\/index.php\\\/tuote\\\/jattikukkataulu-alstromeria-inkailija-3-d-2\\\/#primaryimage\"},\"thumbnailUrl\":\"https:\\\/\\\/www.tanniina.fi\\\/wp-content\\\/uploads\\\/2022\\\/04\\\/Alstrameria-2-scaled.jpg\",\"datePublished\":\"2022-04-24T08:39:38+00:00\",\"dateModified\":\"2025-06-06T17:20:03+00:00\",\"description\":\"J\u00e4ttikukkataulut valmistetaan k\u00e4sin Suomessa. Kukan materiaali on s\u00e4\u00e4nkest\u00e4v\u00e4\u00e4 ja sopii ulko- sek\u00e4 sis\u00e4k\u00e4ytt\u00f6\u00f6n. Saatavana on tilauksesta eri kokoja sek\u00e4 v\u00e4rej\u00e4. J\u00e4ttikukka on pitk\u00e4aikainen sijoitus joka ei k\u00e4rsi\u00a0 kuivuudesta eik\u00e4 vaadi huolenpitoa. J\u00e4ttikukkataulun kolmiuloitteisuus on on todellinen katseenvangitsija sein\u00e4ll\u00e4si. Tanniina - design j\u00e4ttkukat ja my\u00f6s 3-D j\u00e4ttikukkataulut nyt my\u00f6s verkkokaupasta.\",\"breadcrumb\":{\"@id\":\"https:\\\/\\\/www.tanniina.fi\\\/index.php\\\/tuote\\\/jattikukkataulu-alstromeria-inkailija-3-d-2\\\/#breadcrumb\"},\"inLanguage\":\"fi\",\"potentialAction\":[{\"@type\":\"ReadAction\",\"target\":[\"https:\\\/\\\/www.tanniina.fi\\\/index.php\\\/tuote\\\/jattikukkataulu-alstromeria-inkailija-3-d-2\\\/\"]}]},{\"@type\":\"ImageObject\",\"inLanguage\":\"fi\",\"@id\":\"https:\\\/\\\/www.tanniina.fi\\\/index.php\\\/tuote\\\/jattikukkataulu-alstromeria-inkailija-3-d-2\\\/#primaryimage\",\"url\":\"https:\\\/\\\/www.tanniina.fi\\\/wp-content\\\/uploads\\\/2022\\\/04\\\/Alstrameria-2-scaled.jpg\",\"contentUrl\":\"https:\\\/\\\/www.tanniina.fi\\\/wp-content\\\/uploads\\\/2022\\\/04\\\/Alstrameria-2-scaled.jpg\",\"width\":2048,\"height\":2560},{\"@type\":\"BreadcrumbList\",\"@id\":\"https:\\\/\\\/www.tanniina.fi\\\/index.php\\\/tuote\\\/jattikukkataulu-alstromeria-inkailija-3-d-2\\\/#breadcrumb\",\"itemListElement\":[{\"@type\":\"ListItem\",\"position\":1,\"name\":\"Etusivu\",\"item\":\"https:\\\/\\\/www.tanniina.fi\\\/\"},{\"@type\":\"ListItem\",\"position\":2,\"name\":\"Kauppa\",\"item\":\"https:\\\/\\\/www.tanniina.fi\\\/index.php\\\/kauppa\\\/\"},{\"@type\":\"ListItem\",\"position\":3,\"name\":\"N\u00e4ttij\u00e4tti j\u00e4ttikukkataulu Alstr\u00f6meria ( Inkailija ) 3-D\"}]},{\"@type\":\"WebSite\",\"@id\":\"https:\\\/\\\/www.tanniina.fi\\\/#website\",\"url\":\"https:\\\/\\\/www.tanniina.fi\\\/\",\"name\":\"Ompelimo Tanniina\",\"description\":\"\",\"publisher\":{\"@id\":\"https:\\\/\\\/www.tanniina.fi\\\/#organization\"},\"potentialAction\":[{\"@type\":\"SearchAction\",\"target\":{\"@type\":\"EntryPoint\",\"urlTemplate\":\"https:\\\/\\\/www.tanniina.fi\\\/?s={search_term_string}\"},\"query-input\":{\"@type\":\"PropertyValueSpecification\",\"valueRequired\":true,\"valueName\":\"search_term_string\"}}],\"inLanguage\":\"fi\"},{\"@type\":\"Organization\",\"@id\":\"https:\\\/\\\/www.tanniina.fi\\\/#organization\",\"name\":\"Ompelimo Tanniina\",\"url\":\"https:\\\/\\\/www.tanniina.fi\\\/\",\"logo\":{\"@type\":\"ImageObject\",\"inLanguage\":\"fi\",\"@id\":\"https:\\\/\\\/www.tanniina.fi\\\/#\\\/schema\\\/logo\\\/image\\\/\",\"url\":\"https:\\\/\\\/www.tanniina.fi\\\/wp-content\\\/uploads\\\/2023\\\/10\\\/cropped-logo1.png\",\"contentUrl\":\"https:\\\/\\\/www.tanniina.fi\\\/wp-content\\\/uploads\\\/2023\\\/10\\\/cropped-logo1.png\",\"width\":1200,\"height\":200,\"caption\":\"Ompelimo Tanniina\"},\"image\":{\"@id\":\"https:\\\/\\\/www.tanniina.fi\\\/#\\\/schema\\\/logo\\\/image\\\/\"}}]}<\/script>\n<!-- \/ Yoast SEO plugin. -->","yoast_head_json":{"title":"N\u00e4ttij\u00e4tti j\u00e4ttikukkataulu Alstr\u00f6meria ( Inkailija ) 3-D - Ompelimo Tanniina","description":"J\u00e4ttikukkataulut valmistetaan k\u00e4sin Suomessa. Kukan materiaali on s\u00e4\u00e4nkest\u00e4v\u00e4\u00e4 ja sopii ulko- sek\u00e4 sis\u00e4k\u00e4ytt\u00f6\u00f6n. Saatavana on tilauksesta eri kokoja sek\u00e4 v\u00e4rej\u00e4. J\u00e4ttikukka on pitk\u00e4aikainen sijoitus joka ei k\u00e4rsi\u00a0 kuivuudesta eik\u00e4 vaadi huolenpitoa. J\u00e4ttikukkataulun kolmiuloitteisuus on on todellinen katseenvangitsija sein\u00e4ll\u00e4si. Tanniina - design j\u00e4ttkukat ja my\u00f6s 3-D j\u00e4ttikukkataulut nyt my\u00f6s verkkokaupasta.","robots":{"index":"index","follow":"follow","max-snippet":"max-snippet:-1","max-image-preview":"max-image-preview:large","max-video-preview":"max-video-preview:-1"},"canonical":"https:\/\/www.tanniina.fi\/index.php\/tuote\/jattikukkataulu-alstromeria-inkailija-3-d-2\/","og_locale":"fi_FI","og_type":"article","og_title":"N\u00e4ttij\u00e4tti j\u00e4ttikukkataulu Alstr\u00f6meria ( Inkailija ) 3-D - Ompelimo Tanniina","og_description":"J\u00e4ttikukkataulut valmistetaan k\u00e4sin Suomessa. Kukan materiaali on s\u00e4\u00e4nkest\u00e4v\u00e4\u00e4 ja sopii ulko- sek\u00e4 sis\u00e4k\u00e4ytt\u00f6\u00f6n. Saatavana on tilauksesta eri kokoja sek\u00e4 v\u00e4rej\u00e4. J\u00e4ttikukka on pitk\u00e4aikainen sijoitus joka ei k\u00e4rsi\u00a0 kuivuudesta eik\u00e4 vaadi huolenpitoa. J\u00e4ttikukkataulun kolmiuloitteisuus on on todellinen katseenvangitsija sein\u00e4ll\u00e4si. Tanniina - design j\u00e4ttkukat ja my\u00f6s 3-D j\u00e4ttikukkataulut nyt my\u00f6s verkkokaupasta.","og_url":"https:\/\/www.tanniina.fi\/index.php\/tuote\/jattikukkataulu-alstromeria-inkailija-3-d-2\/","og_site_name":"Ompelimo Tanniina","article_modified_time":"2025-06-06T17:20:03+00:00","og_image":[{"width":2048,"height":2560,"url":"https:\/\/www.tanniina.fi\/wp-content\/uploads\/2022\/04\/Alstrameria-2-scaled.jpg","type":"image\/jpeg"}],"twitter_card":"summary_large_image","twitter_misc":{"Arvioitu lukuaika":"1 minuutti"},"schema":{"@context":"https:\/\/schema.org","@graph":[{"@type":"WebPage","@id":"https:\/\/www.tanniina.fi\/index.php\/tuote\/jattikukkataulu-alstromeria-inkailija-3-d-2\/","url":"https:\/\/www.tanniina.fi\/index.php\/tuote\/jattikukkataulu-alstromeria-inkailija-3-d-2\/","name":"N\u00e4ttij\u00e4tti j\u00e4ttikukkataulu Alstr\u00f6meria ( Inkailija ) 3-D - Ompelimo Tanniina","isPartOf":{"@id":"https:\/\/www.tanniina.fi\/#website"},"primaryImageOfPage":{"@id":"https:\/\/www.tanniina.fi\/index.php\/tuote\/jattikukkataulu-alstromeria-inkailija-3-d-2\/#primaryimage"},"image":{"@id":"https:\/\/www.tanniina.fi\/index.php\/tuote\/jattikukkataulu-alstromeria-inkailija-3-d-2\/#primaryimage"},"thumbnailUrl":"https:\/\/www.tanniina.fi\/wp-content\/uploads\/2022\/04\/Alstrameria-2-scaled.jpg","datePublished":"2022-04-24T08:39:38+00:00","dateModified":"2025-06-06T17:20:03+00:00","description":"J\u00e4ttikukkataulut valmistetaan k\u00e4sin Suomessa. Kukan materiaali on s\u00e4\u00e4nkest\u00e4v\u00e4\u00e4 ja sopii ulko- sek\u00e4 sis\u00e4k\u00e4ytt\u00f6\u00f6n. Saatavana on tilauksesta eri kokoja sek\u00e4 v\u00e4rej\u00e4. J\u00e4ttikukka on pitk\u00e4aikainen sijoitus joka ei k\u00e4rsi\u00a0 kuivuudesta eik\u00e4 vaadi huolenpitoa. J\u00e4ttikukkataulun kolmiuloitteisuus on on todellinen katseenvangitsija sein\u00e4ll\u00e4si. Tanniina - design j\u00e4ttkukat ja my\u00f6s 3-D j\u00e4ttikukkataulut nyt my\u00f6s verkkokaupasta.","breadcrumb":{"@id":"https:\/\/www.tanniina.fi\/index.php\/tuote\/jattikukkataulu-alstromeria-inkailija-3-d-2\/#breadcrumb"},"inLanguage":"fi","potentialAction":[{"@type":"ReadAction","target":["https:\/\/www.tanniina.fi\/index.php\/tuote\/jattikukkataulu-alstromeria-inkailija-3-d-2\/"]}]},{"@type":"ImageObject","inLanguage":"fi","@id":"https:\/\/www.tanniina.fi\/index.php\/tuote\/jattikukkataulu-alstromeria-inkailija-3-d-2\/#primaryimage","url":"https:\/\/www.tanniina.fi\/wp-content\/uploads\/2022\/04\/Alstrameria-2-scaled.jpg","contentUrl":"https:\/\/www.tanniina.fi\/wp-content\/uploads\/2022\/04\/Alstrameria-2-scaled.jpg","width":2048,"height":2560},{"@type":"BreadcrumbList","@id":"https:\/\/www.tanniina.fi\/index.php\/tuote\/jattikukkataulu-alstromeria-inkailija-3-d-2\/#breadcrumb","itemListElement":[{"@type":"ListItem","position":1,"name":"Etusivu","item":"https:\/\/www.tanniina.fi\/"},{"@type":"ListItem","position":2,"name":"Kauppa","item":"https:\/\/www.tanniina.fi\/index.php\/kauppa\/"},{"@type":"ListItem","position":3,"name":"N\u00e4ttij\u00e4tti j\u00e4ttikukkataulu Alstr\u00f6meria ( Inkailija ) 3-D"}]},{"@type":"WebSite","@id":"https:\/\/www.tanniina.fi\/#website","url":"https:\/\/www.tanniina.fi\/","name":"Ompelimo Tanniina","description":"","publisher":{"@id":"https:\/\/www.tanniina.fi\/#organization"},"potentialAction":[{"@type":"SearchAction","target":{"@type":"EntryPoint","urlTemplate":"https:\/\/www.tanniina.fi\/?s={search_term_string}"},"query-input":{"@type":"PropertyValueSpecification","valueRequired":true,"valueName":"search_term_string"}}],"inLanguage":"fi"},{"@type":"Organization","@id":"https:\/\/www.tanniina.fi\/#organization","name":"Ompelimo Tanniina","url":"https:\/\/www.tanniina.fi\/","logo":{"@type":"ImageObject","inLanguage":"fi","@id":"https:\/\/www.tanniina.fi\/#\/schema\/logo\/image\/","url":"https:\/\/www.tanniina.fi\/wp-content\/uploads\/2023\/10\/cropped-logo1.png","contentUrl":"https:\/\/www.tanniina.fi\/wp-content\/uploads\/2023\/10\/cropped-logo1.png","width":1200,"height":200,"caption":"Ompelimo Tanniina"},"image":{"@id":"https:\/\/www.tanniina.fi\/#\/schema\/logo\/image\/"}}]}},"_links":{"self":[{"href":"https:\/\/www.tanniina.fi\/index.php\/wp-json\/wp\/v2\/product\/851","targetHints":{"allow":["GET"]}}],"collection":[{"href":"https:\/\/www.tanniina.fi\/index.php\/wp-json\/wp\/v2\/product"}],"about":[{"href":"https:\/\/www.tanniina.fi\/index.php\/wp-json\/wp\/v2\/types\/product"}],"replies":[{"embeddable":true,"href":"https:\/\/www.tanniina.fi\/index.php\/wp-json\/wp\/v2\/comments?post=851"}],"wp:featuredmedia":[{"embeddable":true,"href":"https:\/\/www.tanniina.fi\/index.php\/wp-json\/wp\/v2\/media\/843"}],"wp:attachment":[{"href":"https:\/\/www.tanniina.fi\/index.php\/wp-json\/wp\/v2\/media?parent=851"}],"wp:term":[{"taxonomy":"product_brand","embeddable":true,"href":"https:\/\/www.tanniina.fi\/index.php\/wp-json\/wp\/v2\/product_brand?post=851"},{"taxonomy":"product_cat","embeddable":true,"href":"https:\/\/www.tanniina.fi\/index.php\/wp-json\/wp\/v2\/product_cat?post=851"},{"taxonomy":"product_tag","embeddable":true,"href":"https:\/\/www.tanniina.fi\/index.php\/wp-json\/wp\/v2\/product_tag?post=851"}],"curies":[{"name":"wp","href":"https:\/\/api.w.org\/{rel}","templated":true}]}}